007 + -102?
2468905
In base 4, what is 22233 - -21113131?
21202030
In base 8, what is 614624 - 77?
614525
In base 15, what is 5 + 19d01e8a?
19d01e90
In base 11, what is 77094223 + -2?
77094221
In base 7, what is -3 - -244445360?
244445354
In base 13, what is 17c4c + -31?
17c1b
In base 16, what is 0 + -48b82e?
-48b82e
In base 6, what is -1 + 1212111041?
1212111040
In base 4, what is 21022210222 + 201?
21022211023
In base 14, what is -4a2ad5d + -5?
-4a2ad64
In base 4, what is 1 - 2202113130232?
-2202113130231
In base 3, what is 20001220020 + -2020?
20001211000
In base 16, what is -c68 + 213?
-a55
In base 5, what is 34432420321 + -21?
34432420300
In base 16, what is 1c338 + -421?
1bf17
In base 2, what is -10010101011001011000010001110 - -100?
-10010101011001011000010001010
In base 10, what is 509 - 495619?
-495110
In base 10, what is -10054681 - -6?
-10054675
In base 4, what is -1020301121012 + -2?
-1020301121020
In base 13, what is 702213 + -69?
702177
In base 3, what is -121 - 1202222011122?
-1202222012020
In base 7, what is 121 + 20253411?
20253532
In base 9, what is -1888 + -385016?
-387015
In base 6, what is -121043213 - -33?
-121043140
In base 14, what is -60 + b095a1?
b09541
In base 8, what is 6147 + -1270?
4657
In base 15, what is 5857b5 - -11?
5857c6
In base 6, what is 1 + -5540231413?
-5540231412
In base 4, what is 101 + -311100301230?
-311100301123
In base 8, what is -144 + 427500?
427334
In base 9, what is -576 - 88438?
-100125
In base 7, what is -62 - -5441256?
5441164
In base 14, what is -13583cdb + -5?
-13583d02
In base 11, what is 3 - -2934465?
2934468
In base 2, what is 10111001000101101100100 + -100?
10111001000101101100000
In base 2, what is -1001101001000001010 + -1001010101?
-1001101010001011111
In base 11, what is 6858aa0 + 5?
6858aa5
In base 13, what is -182 + -4b9675?
-4b9827
In base 13, what is -3 + 6a5a92c?
6a5a929
In base 2, what is -11111011110100101 + -10011100111?
-11111110010001100
In base 15, what is 8e84d - 0?
8e84d
In base 2, what is 101011001110101 + 1010011101?
101100100010010
In base 4, what is 3 - -230330222011?
230330222020
In base 10, what is 411248 + -851?
410397
In base 15, what is -2453 - -2011?
-442
In base 14, what is -81361c69 - 1?
-81361c6a
In base 5, what is 1421213331331 - -3?
1421213331334
In base 16, what is -6c - 328ee8?
-328f54
In base 13, what is 18 + -9570ab?
-957093
In base 11, what is -562a3 + -26?
-56319
In base 3, what is -12 - -11221112020110022?
11221112020110010
In base 4, what is 13000301 - -20131?
13021032
In base 2, what is 100000010010 + 100100001010011001?
100100101010101011
In base 9, what is 15102 - -160?
15262
In base 12, what is 77210 + 51?
77261
In base 8, what is -3 + -400757167?
-400757172
In base 5, what is 1420421 + -100224?
1320142
In base 10, what is 15153670 - -3?
15153673
In base 15, what is 229d84 + -2?
229d82
In base 7, what is -2 + -5304020?
-5304022
In base 6, what is 53 + 4534245?
4534342
In base 10, what is 95434 - -1132?
96566
In base 15, what is -2b87 - 6588?
-9220
In base 3, what is 0 + 102111011110101?
102111011110101
In base 7, what is -5146065613 + 5?
-5146065605
In base 7, what is -5 - 21353521?
-21353526
In base 7, what is 36314611452 - 4?
36314611445
In base 5, what is -20340 + 132424401?
132404011
In base 2, what is 1010000000001000 - -101001001100?
1010101001010100
In base 5, what is 4301341 + -120?
4301221
In base 12, what is -11 - -b879?
b868
In base 2, what is 1111111101 + -11001011101110?
-10111011110001
In base 12, what is 11 - 67213a?
-672129
In base 3, what is -20001 - 21111221201?
-21112011202
In base 6, what is 1143350540 + -15?
1143350521
In base 14, what is 374 - -3971c?
39a92
In base 14, what is 155a + -100ad?
-c953
In base 4, what is -3233120331312 - -10?
-3233120331302
In base 12, what is -45b65b07 + 3?
-45b65b04
In base 12, what is 1 - a334924?
-a334923
In base 8, what is 44201 - 11631?
32350
In base 3, what is 11002100 - 10101?
10221222
In base 5, what is 2033124140 - -301?
2033124441
In base 6, what is -10450 - -5?
-10441
In base 2, what is -1 - -1111010010001100110011111?
1111010010001100110011110
In base 5, what is -2 + 101403013?
101403011
In base 9, what is -2542387 - -30?
-2542357
In base 14, what is d + 33977?
33986
In base 9, what is -2210123 + 242?
-2208771
In base 16, what is 4b1 + -37ef?
-333e
In base 15, what is 90967 - d1?
90886
In base 16, what is 6ca1f + -137?
6c8e8
In base 13, what is 8b - 170930?
-170872
In base 2, what is 11 + -1000001111111100101011111?
-1000001111111100101011100
In base 7, what is 0 - 4630452205?
-4630452205
In base 4, what is -120120203113 - -3?
-120120203110
In base 13, what is 9a + -1438304?
-1438237
In base 10, what is 4 - 2828012?
-2828008
In base 7, what is -2 - -3056661?
3056656
In base 7, what is 21025662 + 11?
21026003
In base 4, what is -1110111330 - 102?
-1110112032
In base 3, what is -11101100120011 - -10?
-11101100120001
In base 11, what is -a65 + 271997?
270a32
In base 12, what is 211454 - -8?
211460
In base 16, what is 6 + -31b7d?
-31b77
In base 4, what is -113010332210022 + -11?
-113010332210033
In base 7, what is -15 - -1202441502?
1202441454
In base 12, what is -5 + 230ba40?
230ba37
In base 13, what is -1bc7a17a - -7?
-1bc7a173
In base 9, what is -48012057 + -3?
-48012061
In base 13, what is a - -219a79?
219a86
In base 13, what is -25680a0 - 5?
-25680a5
In base 12, what is 322 + -11704?
-113a2
In base 11, what is 1 - -11277947?
11277948
In base 8, what is -11 - -4441034?
4441023
In base 16, what is 55aa546 + 1?
55aa547
In base 8, what is -2 + 66703101?
66703077
In base 2, what is -1000101100101110 + -10100011111?
-1001000001001101
In base 4, what is -123033300 + 1?
-123033233
In base 5, what is -12140011 - -31222?
-12103234
In base 8, what is -1 + -46501426?
-46501427
In base 9, what is -1724312423 - -3?
-1724312420
In base 4, what is -3 + 111210033331?
111210033322
In base 8, what is -14600 - -44370?
27570
In base 8, what is -3625414 - -230?
-3625164
In base 2, what is -1001000010010111 - 10000010110?
-1001010010101101
In base 8, what is -160232 + -14?
-160246
In base 8, what is 157 - -234617?
234776
In base 8, what is -7541447 - 5?
-7541454
In base 5, what is -23103044 + -100?
-23103144
In base 15, what is 1ae70da9 + 1?
1ae70daa
In base 14, what is 9a432 + c5?
9a517
In base 5, what is 3414420224013 + -10?
3414420224003
In base 4, what is 202 + 1100233203?
1100300011
In base 12, what is 4 - 95a56b?
-95a567
In base 5, what is -2 + 10113240102?
10113240100
In base 12, what is -a684 - -3bb8?
-6688
In base 16, what is 461d - bc?
4561
In base 4, what is -101330112103322 + -3?
-101330112103331
In base 16, what is -4 + 23305e?
23305a
In base 9, what is 0 + -813138?
-813138
In base 2, what is 101001100001100 + 100101110011?
101110001111111
In base 16, what is -3 - 946b667?
-946b66a
In base 15, what is -6de + 781?
92
In base 9, what is 71442 + 62?
71514
In base 14, what is -118225 + -93?
-1182b8
In base 9, what is -2 - -25508327?
25508325
In base 7, what is -51 - -2536520?
2536436
In base 14, what is 123a4 - -205?
125a9
In base 15, what is -5558e3 - 6?
-5558e9
In base 15, what is -12c32 + -36?
-12c68
In base 13, what is 0 - 2c791c6?
-2c791c6
In base 11, what is -2 + 1070a1aa?
1070a1a8
In base 11, what is 12267576 - 1?
12267575
In base 16, what is 12cb - aad?
81e
In base 7, what is 24 + -530260?
-530233
In base 16, what is 200400 + 16b?
20056b
In base 10, what is 503217 + 10?
503227
In base 3, what is 0 + 1111110202200212?
1111110202200212
In base 12, what is -410 + -122338?
-122748
In base 11, what is 151 - -1023535?
1023686
In base 4, what is -20020110322 + 0?
-20020110322
In base 11, what is -889 + 686?
-203
In base 15, what is -4 + -18b29?
-18b2d
In base 9, what is -261281142 - 4?
-261281146
In base 3, what is 1001 + 2101020220211?
2101020221212
In base 10, what is -285506398 - -1?
-285506397
In base 2, what is -10 - 110000011101111000?
-110000011101111010
In base 7, what is 22066 - -563?
22662
In base 9, what is -32534466 - -5?
-32534461
In base 2, what is -1110 + 11011101110010001000?
11011101110001111010
In base 15, what is -2402e4 - 2?
-2402e6
In base 13, what is 15 + 29215?
2922a
In base 14, what is -67c4 + 80?
-6744
In base 10, what is 37561 + 52?
37613
In base 13, what is c0